 13) to base 3.
22122012
-2101110 (base 3) to base 15
-7b0
Convert -32133 (base 4) to base 9.
-1240
Convert 343044 (base 5) to base 10.
12274
Convert -10310200 (base 4) to base 6.
-231224
-1001000 (base 2) to base 10
-72
142 (base 15) to base 4
10133
Convert -1227 (base 10) to base 13.
-735
What is -668 (base 11) in base 12?
-568
Convert -1385 (base 9) to base 5.
-13144
336d (base 16) to base 3
200001121
Convert -1000010010 (base 2) to base 9.
-648
Convert -10211 (base 6) to base 4.
-111133
Convert 210211101 (base 3) to base 14.
5b29
What is -1fd (base 16) in base 14?
-285
-27b9 (base 16) to base 10
-10169
Convert -5152 (base 6) to base 11.
-954
46143 (base 7) to base 3
121002220
What is -124 (base 7) in base 9?
-74
What is 6037 (base 8) in base 9?
4227
Convert 41076 (base 9) to base 12.
13796
2320 (base 7) to base 14
447
523 (base 14) to base 8
1763
Convert 3132000 (base 4) to base 5.
423313
21400 (base 7) to base 8
12335
Convert cd (base 15) to base 7.
364
Convert -2131210 (base 4) to base 14.
-3964
Convert -c97 (base 13) to base 8.
-4150
What is -5b (base 15) in base 16?
-56
What is -142331 (base 5) in base 4?
-1131032
-276 (base 8) to base 15
-ca
144233 (base 7) to base 2
110110100000001
-c6c (base 13) to base 6
-13450
Convert -100c (base 16) to base 7.
-14656
-154334 (base 6) to base 14
-57b4
Convert -11230 (base 5) to base 8.
-1457
What is 2b6 (base 16) in base 13?
415
Convert -13226 (base 10) to base 13.
-6035
What is 110213 (base 4) in base 8?
2447
-14f (base 16) to base 15
-175
Convert 307 (base 12) to base 6.
2011
-1c55 (base 14) to base 15
-17eb
What is -341411 (base 5) in base 13?
-5683
What is -10111110 (base 2) in base 14?
-d8
What is -16044 (base 10) in base 4?
-3322230
Convert 204410 (base 5) to base 6.
51423
What is 2013 (base 8) in base 15?
490
What is -26541 (base 9) in base 7?
-103204
Convert 1100100101101001 (base 2) to base 4.
30211221
Convert 127 (base 10) to base 13.
9a
What is -5d2 (base 15) in base 10?
-1322
What is 1010020 (base 3) in base 9?
1106
Convert 20465 (base 7) to base 9.
6825
172 (base 16) to base 7
1036
111412 (base 5) to base 13
1a74
What is 1444 (base 9) in base 13?
661
2211421 (base 5) to base 11
26904
Convert -1255 (base 8) to base 15.
-30a
What is 3461 (base 8) in base 7?
5240
31042 (base 8) to base 5
402314
What is -4416 (base 7) in base 13?
-948
Convert 546 (base 8) to base 4.
11212
What is 221 (base 8) in base 11?
122
Convert -1054 (base 7) to base 3.
-112011
What is 102000102 (base 3) in base 15?
25a5
Convert 1250 (base 8) to base 2.
1010101000
13073 (base 10) to base 2
11001100010001
-114445 (base 6) to base 8
-23575
Convert -47342 (base 8) to base 9.
-30627
-2932 (base 15) to base 2
-10001001110110
1888 (base 10) to base 13
b23
What is -4c9 (base 15) in base 7?
-3114
What is -3992 (base 10) in base 7?
-14432
23194 (base 13) to base 16
fa03
What is 8a8 (base 15) in base 5?
30313
4328 (base 12) to base 11
55a6
44433 (base 6) to base 16
1845
312 (base 13) to base 9
640
43079 (base 10) to base 5
2334304
What is -13431 (base 7) in base 5?
-104043
Convert -202110 (base 3) to base 2.
-1000101000
-120200112 (base 3) to base 7
-45224
What is -a995 (base 12) in base 16?
-4901
What is -43c7 (base 13) in base 16?
-24f2
What is -13b3 (base 13) in base 15?
-ca0
Convert -1c8b5 (base 14) to base 6.
-1322143
b59 (base 15) to base 2
100111111111
Convert -20110 (base 4) to base 10.
-532
Convert 13130 (base 4) to base 14.
260
30780 (base 9) to base 13
9333
1641 (base 7) to base 4
22122
Convert -628 (base 11) to base 9.
-1030
Convert -11d1 (base 15) to base 5.
-110141
What is c38 (base 14) in base 2?
100101100010
-4e4b (base 16) to base 5
-1120133
What is -812a (base 13) in base 10?
-17781
What is -516 (base 10) in base 16?
-204
11600 (base 8) to base 6
35040
101101101 (base 2) to base 14
1c1
Convert -28057 (base 10) to base 14.
-a321
What is -d5a4 (base 15) in base 4?
-23001202
What is 2a72 (base 16) in base 12?
6356
What is 160 (base 13) in base 9?
304
-146b (base 13) to base 4
-232102
1055 (base 6) to base 14
13d
3000114 (base 5) to base 12
23191
-1612 (base 8) to base 2
-1110001010
What is 10300233 (base 4) in base 16?
4c2f
-28d6 (base 16) to base 14
-3b4a
What is -762 (base 8) in base 15?
-233
Convert 611 (base 10) to base 4.
21203
Convert 12670 (base 14) to base 6.
545054
-58b (base 15) to base 11
-a42
Convert 2148 (base 10) to base 14.
ad6
What is 23032 (base 5) in base 4?
121222
1dd (base 15) to base 4
12301
-52a8 (base 15) to base 10
-17483
What is 3404 (base 5) in base 8?
737
What is -11100100110 (base 3) in base 16?
-14e2c
1103222 (base 4) to base 8
12352
Convert -341 (base 7) to base 13.
-107
Convert 100111 (base 5) to base 12.
19b0
Convert -2908 (base 13) to base 2.
-1011100100011
What is 2302 (base 4) in base 6?
454
Convert 1214131 (base 5) to base 15.
6c61
What is 22005 (base 6) in base 13?
14c0
What is 11563 (base 13) in base 2?
111101111000100
Convert 210101012 (base 3) to base 13.
712a
Convert -3058 (base 9) to base 6.
-14212
What is -100220010 (base 3) in base 11?
-5467
-54b8 (base 14) to base 11
-10023
478 (base 13) to base 16
307
What is 2154 (base 7) in base 11?
644
What is 729 (base 11) in base 3?
1012112
-32300 (base 4) to base 15
-42e
What is 1402433 (base 5) in base 13?
cc7a
Convert -1010110021 (base 3) to base 5.
-1202301
1421 (base 12) to base 3
10012021
-10151 (base 9) to base 13
-3076
What is 177d (base 16) in base 9?
8221
What is 414 (base 6) in base 11?
130
What is 23f (base 16) in base 3?
210022
Convert 266 (base 7) to base 5.
1041
-3055 (base 7) to base 15
-4b4
Convert 80 (base 14) to base 5.
422
Convert -126106 (base 8) to base 13.
-170c6
-10541 (base 9) to base 13
-3259
6234 (base 12) to base 10
10696
Convert 1876 (base 10) to base 8.
3524
What is -519 (base 14) in base 7?
-2632
What is -161530 (base 7) in base 13?
-1163b
What is 498 (base 14) in base 4?
32112
What is 11525 (base 7) in base 13?
14a5
What is -3828 (base 9) in base 14?
-1085
Convert -1321 (base 7) to base 14.
-281
What is -26160 (base 9) in base 15?
-5356
Convert 2688 (base 9) to base 6.
13212
What is 773 (base 12) in base 9?
1446
What is -13124 (base 6) in base 11?
-1555
What is -507 (base 10) in base 2?
-111111011
111010011 (base 2) to base 11
395
1203 (base 6) to base 2
100100011
Convert -14cf (base 16) to base 3.
-21022022
304 (base 7) to base 11
128
What is -1c6 (base 14) in base 12?
-26a
-16192 (base 13) to base 12
-203a7
-4d5 (base 14) to base 2
-1111001011
10000101011111 (base 2) to base 7
33623
Convert -21222212 (base 3) to base 6.
-42552
Convert 2a2 (base 14) to base 4.
20112
What is 10200111 (base 3) in base 16?
a7e
e2c (base 15) to base 9
4336
Convert -672 (base 14) to base 10.
-1276
-112 (base 12) to base 16
-9e
Convert -526 (base 9) to base 2.
-110101101
What is -3e5e (base 15) in base 16?
-3434
What is 1dc40 (base 14) in base 5?
4421441
-1070 (base 10) to base 9
-1418
-31342 (base 11) to base 6
-551223
Convert 1010000010001 (base 2) to base 16.
1411
What is -461 (base 12) in base 6?
-3001
21968 (base 11) to base 9
47526
What is 142455 (base 7) in base 3?
1101111100
What is -20a (base 16) in base 14?
-294
23321132 (base 4) to base 5
3024414
What is -100311222 (base 4) in base 16?
-10d6a
-4247 (base 15) to base 16
-36c1
Convert 3503 (base 10) to base 16.
daf
What is -1521 (base 12) in base 4?
-212221
Convert 198 (base 10) to base 5.
1243
3a37 (base 12) to base 9
10127
-8407 (base 13) to base 2
-100011101010011
-26a (base 11) to base 5
-2233
What is 21322 (base 5) in base 4?
112312
34254 (base 8) to base 13
67b0
What is -2022010200 (base 3) in base 13?
-17805
233034 (base 5) to base 10
8519
Convert -2623 (base 7) to base 15.
-467
Convert 200 (base 4) to base 11.
2a
What is 8a1 (base 16) in base 6?
14121
Convert 20220 (base 3) to base 7.
354
Convert 163 (base 11) to base 8.
276
-959 (base 16) to base 12
-1475
What is b260 (base 14) in base 12?
158b0
Convert 188 (base 13) to base 11.
236
What is 1a83 (base 14) in base 12?
2957
-b84 (base 16) to base 13
-145a
5411 (base 9) to base 15
12a4
What is -1312 (base 5) in base 11?
-179
Convert 1006 (base 9) to base 3.
1000020
What is 443123 (base 5) in base 7?
62636
321000 (base 4) to base 8
7100
Convert -2532 (base 6) to base 5.
-10012
What is 11212201 (base 